{"id":22,"date":"2018-02-06T10:42:12","date_gmt":"2018-02-06T10:42:12","guid":{"rendered":"https:\/\/websitedemos.net\/coach\/?page_id=22"},"modified":"2022-03-24T22:45:33","modified_gmt":"2022-03-24T21:45:33","slug":"o-mnie","status":"publish","type":"page","link":"https:\/\/mateusz.marciniak.art\/index.php\/o-mnie\/","title":{"rendered":"O mnie"},"content":{"rendered":"\t\t<div data-elementor-type=\"wp-post\" data-elementor-id=\"22\" class=\"elementor elementor-22\">\n\t\t\t\t\t\t<section class=\"elementor-section elementor-top-section elementor-element elementor-element-7fa44a6 elementor-section-boxed elementor-section-height-default elementor-section-height-default\" data-id=\"7fa44a6\" data-element_type=\"section\" data-settings=\"{&quot;background_background&quot;:&quot;classic&quot;}\">\n\t\t\t\t\t\t\t<div class=\"elementor-background-overlay\"><\/div>\n\t\t\t\t\t\t\t<div class=\"elementor-container elementor-column-gap-default\">\n\t\t\t\t\t<div class=\"elementor-column elementor-col-100 elementor-top-column elementor-element elementor-element-294097e\" data-id=\"294097e\" data-element_type=\"column\">\n\t\t\t<div class=\"elementor-widget-wrap elementor-element-populated\">\n\t\t\t\t\t\t<div class=\"elementor-element elementor-element-43a6bd7 elementor-widget elementor-widget-spacer\" data-id=\"43a6bd7\" data-element_type=\"widget\" data-widget_type=\"spacer.default\">\n\t\t\t\t<div class=\"elementor-widget-container\">\n\t\t\t\t\t<div class=\"elementor-spacer\">\n\t\t\t<div class=\"elementor-spacer-inner\"><\/div>\n\t\t<\/div>\n\t\t\t\t<\/div>\n\t\t\t\t<\/div>\n\t\t\t\t<div class=\"elementor-element elementor-element-6789d41 elementor-widget elementor-widget-heading\" data-id=\"6789d41\" data-element_type=\"widget\" data-widget_type=\"heading.default\">\n\t\t\t\t<div class=\"elementor-widget-container\">\n\t\t\t<h1 class=\"elementor-heading-title elementor-size-xxl\"><h3 data-elementor-setting-key=\"title\" data-pen-placeholder=\"Pisz tutaj...\" contenteditable=\"true\">Cze\u015b\u0107, <br>Nazywam si\u0119 Mateusz, mam 10 lat. Moim hobby s\u0105 ptaki. Lubi\u0119 ich s\u0142ucha\u0107, lubi\u0119 je ogl\u0105da\u0107, a nawet rysowa\u0107, ale najbardziej lubi\u0119 robi\u0107 im zdj\u0119cia, bym m\u00f3g\u0142 je p\u00f3\u017aniej ogl\u0105da\u0107, kiedy tylko zechc\u0119. <br>Zapraszam do mojej galerii zdj\u0119\u0107. Wszystkie zdj\u0119cia, kt\u00f3re tam znajdziecie, robi\u0142em osobi\u015bcie.<br><\/h3><\/h1>\t\t<\/div>\n\t\t\t\t<\/div>\n\t\t\t\t<div class=\"elementor-element elementor-element-e569222 elementor-widget elementor-widget-spacer\" data-id=\"e569222\" data-element_type=\"widget\" data-widget_type=\"spacer.default\">\n\t\t\t\t<div class=\"elementor-widget-container\">\n\t\t\t\t\t<div class=\"elementor-spacer\">\n\t\t\t<div class=\"elementor-spacer-inner\"><\/div>\n\t\t<\/div>\n\t\t\t\t<\/div>\n\t\t\t\t<\/div>\n\t\t\t\t\t<\/div>\n\t\t<\/div>\n\t\t\t\t\t<\/div>\n\t\t<\/section>\n\t\t\t\t<section class=\"elementor-section elementor-top-section elementor-element elementor-element-9367015 elementor-section-boxed elementor-section-height-default elementor-section-height-default\" data-id=\"9367015\" data-element_type=\"section\">\n\t\t\t\t\t\t<div class=\"elementor-container elementor-column-gap-default\">\n\t\t\t\t\t<div class=\"elementor-column elementor-col-100 elementor-top-column elementor-element elementor-element-471706f\" data-id=\"471706f\" data-element_type=\"column\">\n\t\t\t<div class=\"elementor-widget-wrap\">\n\t\t\t\t\t\t\t<\/div>\n\t\t<\/div>\n\t\t\t\t\t<\/div>\n\t\t<\/section>\n\t\t\t\t<\/div>\n\t\t","protected":false},"excerpt":{"rendered":"<p>Cze\u015b\u0107, Nazywam si\u0119 Mateusz, mam 10 lat. Moim hobby s\u0105 ptaki. Lubi\u0119 ich s\u0142ucha\u0107, lubi\u0119 je ogl\u0105da\u0107, a nawet rysowa\u0107, ale najbardziej lubi\u0119 robi\u0107 im zdj\u0119cia, bym m\u00f3g\u0142 je p\u00f3\u017aniej ogl\u0105da\u0107, kiedy tylko zechc\u0119. Zapraszam do mojej galerii zdj\u0119\u0107. Wszystkie zdj\u0119cia, kt\u00f3re tam znajdziecie, robi\u0142em osobi\u015bcie.<\/p>\n","protected":false},"author":1,"featured_media":0,"parent":0,"menu_order":0,"comment_status":"closed","ping_status":"closed","template":"","meta":{"_uag_custom_page_level_css":"","footnotes":""},"uagb_featured_image_src":{"full":false,"thumbnail":false,"medium":false,"medium_large":false,"large":false,"1536x1536":false,"2048x2048":false},"uagb_author_info":{"display_name":"pawel6mgmail.com","author_link":"https:\/\/mateusz.marciniak.art\/index.php\/author\/pawel6mgmail-com\/"},"uagb_comment_info":0,"uagb_excerpt":"Cze\u015b\u0107, Nazywam si\u0119 Mateusz, mam 10 lat. Moim hobby s\u0105 ptaki. Lubi\u0119 ich s\u0142ucha\u0107, lubi\u0119 je ogl\u0105da\u0107, a nawet rysowa\u0107, ale najbardziej lubi\u0119 robi\u0107 im zdj\u0119cia, bym m\u00f3g\u0142 je p\u00f3\u017aniej ogl\u0105da\u0107, kiedy tylko zechc\u0119. Zapraszam do mojej galerii zdj\u0119\u0107. Wszystkie zdj\u0119cia, kt\u00f3re tam znajdziecie, robi\u0142em osobi\u015bcie.","_links":{"self":[{"href":"https:\/\/mateusz.marciniak.art\/index.php\/wp-json\/wp\/v2\/pages\/22"}],"collection":[{"href":"https:\/\/mateusz.marciniak.art\/index.php\/wp-json\/wp\/v2\/pages"}],"about":[{"href":"https:\/\/mateusz.marciniak.art\/index.php\/wp-json\/wp\/v2\/types\/page"}],"author":[{"embeddable":true,"href":"https:\/\/mateusz.marciniak.art\/index.php\/wp-json\/wp\/v2\/users\/1"}],"replies":[{"embeddable":true,"href":"https:\/\/mateusz.marciniak.art\/index.php\/wp-json\/wp\/v2\/comments?post=22"}],"version-history":[{"count":20,"href":"https:\/\/mateusz.marciniak.art\/index.php\/wp-json\/wp\/v2\/pages\/22\/revisions"}],"predecessor-version":[{"id":347,"href":"https:\/\/mateusz.marciniak.art\/index.php\/wp-json\/wp\/v2\/pages\/22\/revisions\/347"}],"wp:attachment":[{"href":"https:\/\/mateusz.marciniak.art\/index.php\/wp-json\/wp\/v2\/media?parent=22"}],"curies":[{"name":"wp","href":"https:\/\/api.w.org\/{rel}","templated":true}]}}